 277.
203
Calculate the remainder when 2029713 is divided by 6005.
23
What is the remainder when 1614938 is divided by 113?
55
What is the remainder when 226556497 is divided by 98?
97
Calculate the remainder when 12420380 is divided by 8.
4
What is the remainder when 2808780 is divided by 6688?
6508
What is the remainder when 3267700 is divided by 4827?
4648
What is the remainder when 165709 is divided by 575?
109
Calculate the remainder when 4805 is divided by 2230.
345
Calculate the remainder when 3525821 is divided by 1175121.
458
What is the remainder when 359278 is divided by 119?
17
Calculate the remainder when 83339 is divided by 303.
14
What is the remainder when 45126909 is divided by 25?
9
What is the remainder when 27261184 is divided by 281043?
13
Calculate the remainder when 2497918 is divided by 277545.
13
Calculate the remainder when 3873948 is divided by 557.
13
What is the remainder when 6290714 is divided by 1048442?
62
Calculate the remainder when 592554 is divided by 294.
144
What is the remainder when 19305217 is divided by 2793?
1
What is the remainder when 10548 is divided by 8486?
2062
Calculate the remainder when 80668 is divided by 630.
28
What is the remainder when 1685624 is divided by 842581?
462
What is the remainder when 3819922 is divided by 763880?
522
Calculate the remainder when 463697 is divided by 6440.
17
Calculate the remainder when 517978 is divided by 7.
6
Calculate the remainder when 93266 is divided by 46555.
156
What is the remainder when 90846117 is divided by 13819?
11
Calculate the remainder when 743102 is divided by 1222.
126
Calculate the remainder when 132211 is divided by 225.
136
What is the remainder when 353133 is divided by 978?
75
Calculate the remainder when 2732190 is divided by 1773.
1770
Calculate the remainder when 113476 is divided by 3243.
3214
What is the remainder when 3180 is divided by 1154?
872
Calculate the remainder when 13117429 is divided by 1390.
1389
What is the remainder when 731497 is divided by 807?
355
Calculate the remainder when 26568181 is divided by 587.
561
What is the remainder when 12798 is divided by 358?
268
Calculate the remainder when 9701422 is divided by 147.
10
What is the remainder when 895633 is divided by 298377?
502
Calculate the remainder when 671856 is divided by 223547.
1215
What is the remainder when 26094004 is divided by 207?
205
Calculate the remainder when 2698160 is divided by 192725.
10
Calculate the remainder when 15251 is divided by 6746.
1759
Calculate the remainder when 568205 is divided by 3900.
2705
What is the remainder when 5263435 is divided by 1771?
23
What is the remainder when 1962602 is divided by 218063?
35
What is the remainder when 1552525 is divided by 53494?
1199
Calculate the remainder when 3130691 is divided by 28.
11
What is the remainder when 38201312 is divided by 24646?
12
Calculate the remainder when 450139 is divided by 610.
569
Calculate the remainder when 268952095 is divided by 112.
111
What is the remainder when 22273 is divided by 181?
10
Calculate the remainder when 53498 is divided by 1208.
346
Calculate the remainder when 52668 is divided by 7519.
35
Calculate the remainder when 156061346 is divided by 6026.
6024
Calculate the remainder when 893336 is divided by 532.
108
Calculate the remainder when 553221 is divided by 3389.
814
Calculate the remainder when 104169949 is divided by 204.
1
Calculate the remainder when 944770 is divided by 524.
522
What is the remainder when 2155296 is divided by 3678?
3666
Calculate the remainder when 276210 is divided by 889.
620
What is the remainder when 40619 is divided by 9954?
803
Calculate the remainder when 3738535 is divided by 534076.
3
Calculate the remainder when 110038 is divided by 1769.
360
What is the remainder when 12432979 is divided by 6216426?
127
What is the remainder when 909061909 is divided by 17?
16
What is the remainder when 13902639 is divided by 234?
231
Calculate the remainder when 201040 is divided by 195655.
5385
What is the remainder when 23790175 is divided by 674?
671
Calculate the remainder when 2187411 is divided by 49.
2
Calculate the remainder when 71844 is divided by 35528.
788
Calculate the remainder when 896883844 is divided by 517.
516
What is the remainder when 57958 is divided by 78?
4
What is the remainder when 184096338 is divided by 9?
6
What is the remainder when 60134 is divided by 73?
55
What is the remainder when 28899178 is divided by 9833?
9824
What is the remainder when 4440109 is divided by 807?
802
What is the remainder when 1952268 is divided by 5898?
30
What is the remainder when 4507029 is divided by 2253513?
3
Calculate the remainder when 100733983 is divided by 41.
17
What is the remainder when 43183951 is divided by 19?
10
What is the remainder when 557756 is divided by 796?
556
What is the remainder when 1217705 is divided by 11276?
11173
What is the remainder when 29712651 is divided by 582601?
0
What is the remainder when 54642149 is divided by 450?
449
Calculate the remainder when 63042178 is divided by 10507028.
10
What is the remainder when 35231598 is divided by 100?
98
What is the remainder when 22850400 is divided by 631?
628
What is the remainder when 312862 is divided by 39?
4
Calculate the remainder when 2769196 is divided by 145739.
155
What is the remainder when 203760 is divided by 67916?
12
Calculate the remainder when 50493 is divided by 4316.
3017
Calculate the remainder when 2403062 is divided by 768.
758
What is the remainder when 1601633 is divided by 829?
5
Calculate the remainder when 958214 is divided by 1093.
746
Calculate the remainder when 490519 is divided by 1984.
471
What is the remainder when 16319826 is divided by 60?
6
Calculate the remainder when 65291 is divided by 1368.
995
Calculate the remainder when 297973057 is divided by 181.
178
What is the remainder when 2732623 is divided by 5411?
68
Calculate the remainder when 29776678 is divided by 14888322.
34
Calculate the remainder when 206829 is divided by 3394.
3189
What is the remainder when 26961631 is divided by 13862?
41
Calculate the remainder when 25561 is divided by 3882.
2269
Calculate the remainder when 1806547 is divided by 169.
106
Calculate the remainder when 42172 is divided by 2580.
892
Calculate the remainder when 173867 is divided by 24820.
127
Calculate the remainder when 346936 is divided by 4968.
4144
Calculate the remainder when 5772976 is divided by 63439.
27
What is the remainder when 20505 is divided by 264?
177
Calculate the remainder when 24174761 is divided by 483495.
11
What is the remainder when 81461 is divided by 5458?
5049
Calculate the remainder when 25502 is divided by 3742.
3050
Calculate the remainder when 1856352 is divided by 1101.
66
What is the remainder when 84136 is divided by 1434?
964
What is the remainder when 9549718 is divided by 94?
70
What is the remainder when 10121749 is divided by 326503?
156
Calculate the remainder when 856777 is divided by 214187.
29
What is the remainder when 450514 is divided by 339?
322
What is the remainder when 414497 is divided by 46053?
20
Calculate the remainder when 273110 is divided by 90146.
2672
Calculate the remainder when 161492 is divided by 9498.
26
What is the remainder when 2112 is divided by 1319?
793
What is the remainder when 13320948 is divided by 97233?
27
What is the remainder when 3888126 is divided by 350?
326
Calculate the remainder when 503409 is divided by 820.
749
Calculate the remainder when 2860143 is divided by 953331.
150
Calculate the remainder when 1555 is divided by 470.
145
What is the remainder when 483261 is divided by 2369?
2354
What is the remainder when 7807984 is divided by 85802?
2
What is the remainder when 42683 is divided by 21234?
215
What is the remainder when 3632171 is divided by 302612?
827
What is the remainder when 539330 is divided by 31?
23
What is the remainder when 4103356 is divided by 1025832?
28
Calculate the remainder when 10489872 is divided by 1311234.
0
Calculate the remainder when 16088658 is divided by 1128.
1122
Calculate the remainder when 106861361 is divided by 855.
41
Calculate the remainder when 1302201 is divided by 434064.
9
What is the remainder when 8163 is divided by 840?
603
